t is the greatest common divisor of 3955739 and 10096?
631
Calculate the greatest common divisor of 2384000 and 7744.
64
Calculate the highest common factor of 83560 and 3524.
4
What is the greatest common divisor of 98126 and 9422?
14
Calculate the greatest common divisor of 22247952 and 5328.
1776
What is the greatest common divisor of 2178274 and 59318?
266
What is the greatest common divisor of 143332362 and 54?
54
Calculate the greatest common divisor of 10786251 and 63.
21
Calculate the greatest common factor of 53688 and 632292.
12
What is the greatest common divisor of 2192 and 22986956?
548
Calculate the highest common factor of 1537547 and 873.
97
What is the greatest common divisor of 207176 and 1018799?
551
What is the highest common divisor of 11321676 and 12?
12
What is the highest common factor of 54 and 8527374?
18
Calculate the greatest common divisor of 1417989 and 57.
57
What is the highest common divisor of 40416 and 5852256?
96
What is the highest common factor of 189 and 5265477?
63
Calculate the highest common divisor of 128 and 5443680.
32
What is the greatest common divisor of 164812 and 4802?
2
Calculate the greatest common divisor of 32007394 and 86.
86
What is the greatest common divisor of 97667 and 136047?
101
What is the highest common divisor of 34821 and 157131697?
3869
Calculate the greatest common divisor of 1 and 1412238.
1
Calculate the highest common factor of 880529212 and 102.
34
What is the greatest common factor of 61 and 48688614?
61
What is the highest common factor of 11647394 and 233541?
3707
What is the highest common factor of 4570974 and 195661?
4163
Calculate the highest common factor of 882 and 1799106687.
441
Calculate the greatest common factor of 775143 and 46512.
171
Calculate the highest common divisor of 9451 and 43052213.
727
Calculate the highest common divisor of 83044897 and 13.
13
Calculate the highest common factor of 261311400 and 446.
446
Calculate the greatest common factor of 178346 and 924.
14
Calculate the greatest common factor of 122829768 and 738.
738
Calculate the highest common divisor of 119548944 and 8.
8
What is the highest common divisor of 58110683 and 528323?
4847
Calculate the highest common factor of 2266 and 171798.
22
What is the greatest common divisor of 126 and 34099674?
42
Calculate the greatest common divisor of 438900 and 15576.
132
Calculate the greatest common factor of 16704072 and 147.
21
Calculate the greatest common divisor of 30544 and 1094800.
368
Calculate the highest common factor of 472 and 625303240.
472
What is the greatest common factor of 203 and 4581536?
29
Calculate the highest common divisor of 1954875 and 12675.
975
What is the greatest common factor of 5085 and 307290?
15
What is the highest common divisor of 7824324 and 2760?
276
What is the greatest common divisor of 387335 and 3770?
65
What is the greatest common factor of 144 and 18422631?
9
What is the highest common factor of 8058 and 3515895?
237
Calculate the greatest common divisor of 10812 and 1474937.
901
Calculate the greatest common factor of 3 and 97561389.
3
Calculate the highest common factor of 4 and 3428952.
4
What is the greatest common factor of 456 and 29640912?
456
What is the highest common factor of 984417 and 17808?
21
What is the highest common divisor of 2110 and 96660?
10
Calculate the highest common divisor of 1582 and 947279.
113
What is the greatest common divisor of 16 and 100779568?
16
Calculate the highest common factor of 678771564 and 3368.
1684
What is the highest common factor of 90147222 and 1692?
846
Calculate the greatest common factor of 34749 and 515086.
143
What is the highest common divisor of 875180 and 1160?
20
What is the highest common factor of 31010077 and 27373?
883
What is the greatest common factor of 39522387 and 334?
167
Calculate the greatest common factor of 2772615 and 8715.
1245
Calculate the highest common divisor of 4446 and 280609290.
4446
What is the highest common divisor of 11956772 and 444?
148
What is the highest common divisor of 2250 and 16993750?
250
What is the highest common divisor of 6364649 and 2?
1
What is the highest common factor of 193542 and 81?
3
Calculate the highest common factor of 9068 and 3544.
4
What is the greatest common divisor of 154953 and 601?
1
Calculate the greatest common factor of 4090034 and 28106.
1222
Calculate the greatest common divisor of 3960 and 3843048.
264
Calculate the highest common divisor of 203632 and 57964632.
7832
Calculate the greatest common factor of 224654667 and 3891.
3891
Calculate the greatest common factor of 220664 and 1368.
8
What is the greatest common factor of 11617596 and 153?
153
Calculate the greatest common factor of 85633 and 190057.
19
What is the highest common divisor of 338602118 and 19302?
6434
What is the greatest common divisor of 2411 and 1693312808?
2411
What is the highest common divisor of 164 and 457883982?
82
Calculate the highest common factor of 1255 and 324794.
251
What is the highest common factor of 293216 and 576912?
1904
Calculate the highest common factor of 589182 and 4582.
158
What is the greatest common factor of 36351913 and 767?
13
What is the highest common divisor of 2508288 and 5632?
512
What is the highest common divisor of 1167407839 and 689?
689
What is the greatest common factor of 33384 and 58090728?
2568
Calculate the greatest common divisor of 29070 and 195510.
570
What is the greatest common divisor of 22044 and 181392?
12
Calculate the greatest common factor of 57573494 and 968.
242
What is the highest common divisor of 29106 and 81378?
594
What is the greatest common divisor of 80 and 7296050?
10
Calculate the greatest common divisor of 221676 and 2107.
49
What is the greatest common factor of 16879800 and 63?
21
Calculate the greatest common divisor of 433659 and 47709.
93
What is the greatest common factor of 1515 and 7425722?
101
What is the greatest common divisor of 7275248 and 56?
8
Calculate the greatest common divisor of 4191184 and 444112.
656
What is the greatest common divisor of 394265557 and 1646?
823
Calculate the highest common factor of 196698094 and 118.
118
Calculate the greatest common divisor of 567886825 and 275.
275
Calculate the greatest common factor of 1665495 and 134433.
351
Calculate the greatest common divisor of 2485 and 23099566.
497
What is the highest common divisor of 467770 and 2610?
290
What is the highest common factor of 1007 and 16492699?
53
Calculate the greatest common divisor of 104 and 2458963.
13
What is the highest common divisor of 27 and 114035067?
27
What is the greatest common factor of 4904 and 151411?
613
What is the highest common factor of 2214 and 128354682?
246
Calculate the greatest common divisor of 30 and 258735.
15
What is the highest common divisor of 1055 and 18183136?
211
What is the highest common divisor of 62873682 and 348?
174
What is the greatest common factor of 5930 and 167412202?
1186
What is the highest common divisor of 507949 and 3731?
533
Calculate the greatest common divisor of 1290285 and 60.
15
Calculate the highest common divisor of 52598 and 917098.
182
What is the highest common divisor of 782812 and 2246012?
7316
Calculate the greatest common factor of 24 and 13632427.
1
Calculate the greatest common divisor of 64169085 and 11175.
2235
What is the highest common factor of 5950 and 5600350?
350
What is the greatest common divisor of 672 and 1293188064?
672
What is the greatest common divisor of 38142 and 55068?
78
What is the greatest common factor of 5723787 and 474?
237
Calculate the greatest common divisor of 11357302 and 426.
142
Calculate the highest common divisor of 16116285 and 15.
15
Calculate the greatest common divisor of 5404179 and 957.
957
Calculate the highest common factor of 96186 and 4699038.
2346
Calculate the greatest common divisor of 25884285 and 40944.
2559
Calculate the greatest common divisor of 24316 and 2308.
4
What is the greatest common divisor of 22137 and 332243?
47
Calculate the highest common factor of 800409 and 406671.
1437
What is the greatest common divisor of 784 and 10819347?
49
What is the highest common factor of 40 and 12111360?
40
What is the greatest common factor of 113410415 and 1013?
1013